13 and 4?
1
Calculate the greatest common factor of 1475 and 25.
25
What is the greatest common factor of 1717 and 17?
17
What is the greatest common factor of 79 and 3081?
79
What is the greatest common factor of 21 and 84?
21
What is the greatest common divisor of 78 and 6?
6
What is the greatest common divisor of 814 and 198?
22
Calculate the highest common divisor of 11682 and 198.
198
What is the highest common factor of 36 and 132?
12
Calculate the highest common factor of 11007 and 18.
9
Calculate the greatest common divisor of 8230 and 10.
10
Calculate the highest common factor of 400 and 50.
50
Calculate the highest common factor of 34 and 7361.
17
Calculate the greatest common divisor of 2944 and 46.
46
What is the greatest common factor of 12483 and 855?
171
Calculate the highest common factor of 28 and 112.
28
What is the highest common divisor of 1352 and 1859?
169
What is the greatest common factor of 4550 and 4225?
325
Calculate the highest common factor of 49 and 14.
7
What is the highest common factor of 33 and 3883?
11
Calculate the greatest common factor of 38 and 627.
19
What is the highest common divisor of 36 and 639?
9
Calculate the greatest common factor of 6 and 6.
6
What is the highest common divisor of 13 and 11089?
13
Calculate the highest common factor of 45 and 29670.
15
Calculate the greatest common divisor of 136 and 3740.
68
What is the highest common divisor of 104 and 208?
104
What is the greatest common factor of 1600 and 5000?
200
What is the greatest common factor of 6413 and 53?
53
What is the highest common factor of 3465 and 315?
315
What is the highest common factor of 2 and 982?
2
Calculate the greatest common factor of 5311 and 113.
113
Calculate the greatest common divisor of 17 and 425.
17
What is the greatest common factor of 137 and 26989?
137
What is the greatest common factor of 370 and 10?
10
Calculate the highest common factor of 27 and 2052.
27
What is the highest common factor of 21 and 123?
3
Calculate the highest common factor of 312 and 4654.
26
Calculate the greatest common divisor of 216 and 24.
24
Calculate the highest common divisor of 32 and 1432.
8
Calculate the highest common factor of 22 and 781.
11
What is the highest common divisor of 530 and 40?
10
Calculate the highest common factor of 2 and 74.
2
What is the greatest common divisor of 621 and 81?
27
Calculate the highest common factor of 6231 and 804.
201
Calculate the highest common divisor of 1345 and 5.
5
Calculate the highest common divisor of 9338 and 21.
7
Calculate the greatest common divisor of 210 and 40.
10
Calculate the highest common divisor of 189 and 216.
27
What is the highest common factor of 210 and 168?
42
Calculate the highest common factor of 150 and 1275.
75
Calculate the greatest common factor of 741 and 78.
39
Calculate the highest common factor of 28 and 8092.
28
Calculate the highest common factor of 26269 and 241.
241
Calculate the highest common divisor of 1177 and 44.
11
Calculate the greatest common factor of 132 and 12.
12
Calculate the greatest common divisor of 36 and 36588.
12
Calculate the highest common factor of 629 and 17.
17
Calculate the greatest common factor of 59 and 7139.
59
Calculate the highest common factor of 6 and 48.
6
Calculate the greatest common factor of 14190 and 165.
165
Calculate the greatest common divisor of 3 and 2823.
3
Calculate the highest common factor of 10 and 185.
5
Calculate the highest common divisor of 507 and 117.
39
What is the greatest common divisor of 4641 and 85?
17
Calculate the greatest common factor of 79 and 632.
79
What is the highest common factor of 398 and 8?
2
What is the greatest common factor of 12 and 12?
12
What is the highest common factor of 328 and 41?
41
What is the highest common factor of 296 and 8?
8
Calculate the highest common factor of 12 and 1284.
12
Calculate the greatest common divisor of 151 and 31861.
151
Calculate the highest common divisor of 5292 and 324.
108
What is the greatest common divisor of 69 and 2599?
23
What is the highest common factor of 1292 and 68?
68
What is the greatest common divisor of 45 and 81?
9
Calculate the greatest common divisor of 720 and 1250.
10
Calculate the highest common factor of 133 and 2603.
19
Calculate the greatest common factor of 160 and 14240.
160
What is the greatest common factor of 1287 and 297?
99
Calculate the greatest common factor of 52 and 36.
4
What is the highest common divisor of 176 and 814?
22
Calculate the greatest common factor of 5649 and 42.
21
What is the highest common factor of 364 and 6300?
28
What is the highest common factor of 30 and 430?
10
What is the greatest common factor of 2412 and 1541?
67
What is the greatest common factor of 62 and 558?
62
Calculate the greatest common factor of 33294 and 186.
186
What is the highest common divisor of 637 and 728?
91
What is the highest common divisor of 14059 and 17?
17
What is the highest common factor of 50 and 22900?
50
Calculate the highest common factor of 8 and 76.
4
Calculate the highest common factor of 549 and 45.
9
Calculate the greatest common divisor of 18016 and 32.
32
What is the highest common divisor of 2490 and 1743?
249
Calculate the highest common divisor of 957 and 87.
87
What is the greatest common divisor of 2043 and 18?
9
Calculate the highest common divisor of 2280 and 1026.
114
Calculate the greatest common divisor of 85 and 5.
5
Calculate the highest common divisor of 38 and 4028.
38
Calculate the greatest common factor of 990 and 132.
66
Calculate the highest common factor of 584 and 219.
73
What is the highest common divisor of 272 and 102?
34
What is the greatest common divisor of 14 and 1358?
14
What is the highest common divisor of 32 and 5408?
32
What is the highest common divisor of 17 and 323?
17
Calculate the highest common divisor of 332 and 581.
83
What is the highest common divisor of 495 and 4653?
99
What is the highest common divisor of 46 and 1058?
46
What is the highest common factor of 96143 and 79?
79
Calculate the greatest common divisor of 56 and 24.
8
What is the highest common divisor of 4416 and 576?
192
Calculate the greatest common factor of 3692 and 52.
52
What is the highest common divisor of 1121 and 57?
19
What is the greatest common factor of 201 and 111?
3
What is the greatest common divisor of 544 and 289?
17
What is the highest common factor of 384 and 1500?
12
What is the highest common divisor of 18 and 4626?
18
Calculate the greatest common divisor of 8 and 20.
4
Calculate the highest common divisor of 672 and 1071.
21
What is the greatest common divisor of 52 and 91?
13
Calculate the greatest common divisor of 14 and 406.
14
What is the highest common factor of 531 and 236?
59
What is the greatest common factor of 43 and 2107?
43
What is the highest common divisor of 954 and 288?
18
Calculate the highest common factor of 9 and 1737.
9
Calculate the greatest common divisor of 493 and 319.
29
What is the greatest common divisor of 981 and 27?
9
What is the highest common divisor of 61 and 5063?
61
Calculate the highest common factor of 2592 and 192.
96
What is the greatest common factor of 7 and 609?
7
What is the greatest common factor of 8 and 4?
4
What is the highest common factor of 357 and 91?
7
What is the highest common divisor of 2231 and 69?
23
Calculate the greatest common divisor of 4361 and 49.
49
What is the highest common factor of 96 and 36?
12
Calculate the greatest common factor of 2652 and 918.
102
Calculate the highest common divisor of 20 and 230.
10
Calculate the greatest common factor of 169 and 208.
13
What is the highest common divisor of 192 and 352?
32
Calculate the greatest common divisor of 976 and 122.
122
Calculate the greatest common divisor of 145 and 319.
29
What is the highest common divisor of 943 and 23?
23
What is the greatest common factor of 36 and 1116?
36
What is the greatest common factor of 60 and 192?
12
What is the greatest common divisor of 8425 and 50?
25
Calculate the highest common divisor of 1534 and 26.
26
What is the greatest common divisor of 14328 and 18?
18
Calculate the highest common factor of 10 and 395.
5
What is the greatest common divisor of 8415 and 357?
51
What is the highest common diviso